en thousands digit of 8288922?
8
What is the units digit of 141054?
4
What is the hundred thousands digit of 156195?
1
What is the units digit of 2284451?
1
What is the millions digit of 1189314?
1
What is the thousands digit of 184121?
4
What is the hundreds digit of 2331241?
2
What is the thousands digit of 3117646?
7
What is the millions digit of 3761284?
3
What is the ten millions digit of 10301914?
1
What is the thousands digit of 13064733?
4
What is the ten thousands digit of 1932446?
3
What is the ten thousands digit of 989623?
8
What is the tens digit of 27375?
7
What is the tens digit of 171866?
6
What is the thousands digit of 24715?
4
What is the ten thousands digit of 232293?
3
What is the hundred thousands digit of 1570444?
5
What is the ten thousands digit of 221725?
2
What is the thousands digit of 1019170?
9
What is the hundred thousands digit of 30826378?
8
What is the hundred thousands digit of 233875?
2
What is the hundred thousands digit of 4212221?
2
What is the thousands digit of 3354072?
4
What is the thousands digit of 30793549?
3
What is the units digit of 210617?
7
What is the thousands digit of 255019?
5
What is the millions digit of 21320269?
1
What is the thousands digit of 273593?
3
What is the thousands digit of 32725427?
5
What is the tens digit of 157365?
6
What is the thousands digit of 441244?
1
What is the hundreds digit of 1928701?
7
What is the hundred thousands digit of 3755104?
7
What is the hundred thousands digit of 7913598?
9
What is the tens digit of 23804993?
9
What is the units digit of 11206?
6
What is the thousands digit of 378724?
8
What is the units digit of 522308?
8
What is the hundred thousands digit of 15883869?
8
What is the hundred thousands digit of 630839?
6
What is the ten thousands digit of 1941515?
4
What is the thousands digit of 107457?
7
What is the hundreds digit of 5596568?
5
What is the hundreds digit of 69428?
4
What is the ten thousands digit of 729446?
2
What is the tens digit of 2062987?
8
What is the hundreds digit of 4244261?
2
What is the thousands digit of 190831?
0
What is the units digit of 13335927?
7
What is the units digit of 372631?
1
What is the ten millions digit of 34526295?
3
What is the hundred thousands digit of 3224873?
2
What is the ten thousands digit of 16930004?
3
What is the hundreds digit of 199483?
4
What is the units digit of 532084?
4
What is the millions digit of 7219727?
7
What is the thousands digit of 6048567?
8
What is the units digit of 6360842?
2
What is the tens digit of 1599772?
7
What is the hundred thousands digit of 285617?
2
What is the units digit of 148376?
6
What is the hundreds digit of 548969?
9
What is the tens digit of 865225?
2
What is the ten thousands digit of 858880?
5
What is the tens digit of 488455?
5
What is the thousands digit of 9965933?
5
What is the ten millions digit of 32936898?
3
What is the thousands digit of 25813330?
3
What is the tens digit of 21052476?
7
What is the tens digit of 2399?
9
What is the ten thousands digit of 49535?
4
What is the hundred thousands digit of 983560?
9
What is the hundreds digit of 964810?
8
What is the units digit of 96942?
2
What is the ten thousands digit of 5335717?
3
What is the tens digit of 68526?
2
What is the hundreds digit of 1888712?
7
What is the hundred thousands digit of 119494?
1
What is the hundred thousands digit of 1557353?
5
What is the thousands digit of 50651?
0
What is the units digit of 875694?
4
What is the units digit of 1774527?
7
What is the hundreds digit of 11720?
7
What is the hundreds digit of 99468?
4
What is the thousands digit of 1018035?
8
What is the ten millions digit of 18165024?
1
What is the units digit of 29634478?
8
What is the thousands digit of 156067?
6
What is the units digit of 197632?
2
What is the hundred thousands digit of 991894?
9
What is the units digit of 1242086?
6
What is the tens digit of 1294029?
2
What is the units digit of 7606577?
7
What is the tens digit of 81041?
4
What is the hundred thousands digit of 200589?
2
What is the ten thousands digit of 36940049?
4
What is the tens digit of 4663653?
5
What is the hundred thousands digit of 777231?
7
What is the thousands digit of 1445277?
5
What is the thousands digit of 14994855?
4
What is the units digit of 798609?
9
What is the hundred thousands digit of 3098261?
0
What is the hundred thousands digit of 3602746?
6
What is the ten thousands digit of 138679?
3
What is the thousands digit of 22190?
2
What is the hundreds digit of 258888?
8
What is the tens digit of 80285?
8
What is the thousands digit of 285311?
5
What is the units digit of 6829052?
2
What is the units digit of 9680004?
4
What is the units digit of 5490329?
9
What is the tens digit of 1570501?
0
What is the millions digit of 2106214?
2
What is the thousands digit of 11255132?
5
What is the units digit of 1817419?
9
What is the thousands digit of 255337?
5
What is the hundred thousands digit of 184700?
1
What is the ten millions digit of 11090649?
1
What is the units digit of 16838984?
4
What is the hundreds digit of 564884?
8
What is the hundreds digit of 85685?
6
What is the tens digit of 3293212?
1
What is the units digit of 58909?
9
What is the thousands digit of 490781?
0
What is the thousands digit of 180134?
0
What is the units digit of 585616?
6
What is the hundreds digit of 208492?
4
What is the thousands digit of 334694?
4
What is the thousands digit of 2026006?
6
What is the tens digit of 277786?
8
What is the thousands digit of 378456?
8
What is the tens digit of 149184?
8
What is the millions digit of 1943318?
1
What is the units digit of 153673?
3
What is the tens digit of 1783?
8
What is the thousands digit of 659255?
9
What is the ten thousands digit of 1172136?
7
What is the hundred thousands digit of 1448437?
4
What is the hundred thousands digit of 502821?
5
What is the hundred thousands digit of 591805?
5
What is the hundreds digit of 593741?
7
What is the ten thousands digit of 1849653?
4
What is the units digit of 1625338?
8
What is the hundred thousands digit of 192982?
1
What is the thousands digit of 223081?
3
What is the hundreds digit of 219833?
8
What is the ten thousands digit of 7605778?
0
What is the units digit of 943644?
4
What is the ten thousands digit of 2336287?
3
What is the tens digit of 219910?
1
What is the tens digit of 4351123?
2
What is the thousands digit of 163198?
3
What is the units digit of 289536?
6
What is the hundreds digit of 114819?
8
What is the hundreds digit of 19822?
8
What is the hundred thousands digit of 189700?
1
What is the ten thousands digit of 5446787?
4
What is the tens digit of 183029?
2
What is the hundred thousands digit of 9580028?
5
What is the thousands digit of 33887?
3
What is the ten thousands digit of 29934182?
3
What is the hundred thousands digit of 384415?
3
What is the thousands digit of 1700318?
0
What is the hundred thousands digit of 407156?
4
What is the tens digit of 2212634?
3
What is the units digit of 1621689?
9
What is the tens digit of 817724?
2
What is the units digit of 482750?
0
What is the hundreds digit of 415334?
3
What is the thousands digit of 495612?
5
What is the millions digit of 2312687?
2
What is the hundred thousands digit of 790671?
7
What is the units digit of 2347873?
3
What is the tens digit of 1404339?
3
What is the ten thousands digit of 1299260?
9
What is the hundreds digit of 315605?
6
What is the tens digit of 319534?
3
What is the tens digit of 977556?
5
What is the hundred thousands digit of 504511?
5
What is the ten thousands digit of 992856?
9
What is the tens digit of 3736896?
9
What is the millions digit of 4001672?
4
What is the thousands digit of 23743?
3
What is the hundreds digit of 346666?
6
What is the units digit of 17283?
3
What is the ten thousands digit of 17075877?
7
What is the tens digit of 13639650?
5
What is the tens digit of 562370?
7
What is the tens digit of 1288964?
6
What is the ten thousands digit of 146517?
4
What is the tens digit of 38295757?
5
What is the thousands digit of 286807?
6
What is the ten thousands digit of 18609066?
0
What is the thousands digit of 2523973?
3
What is the hundred thousands digit of 1745618?
7
What is the ten thousands digit of 643317?
4